sor of 46170 and 8100?
810
What is the highest common factor of 225 and 1175?
25
Calculate the highest common factor of 284 and 4684.
4
What is the greatest common divisor of 637 and 671125?
91
Calculate the greatest common factor of 909410 and 10.
10
Calculate the greatest common factor of 2120 and 299344.
424
Calculate the greatest common divisor of 2483 and 1170.
13
What is the greatest common divisor of 395816 and 16?
8
Calculate the highest common divisor of 29693 and 46.
23
Calculate the highest common factor of 89068 and 518.
14
Calculate the highest common factor of 178 and 78409.
89
What is the highest common factor of 441 and 6468?
147
What is the greatest common factor of 4192 and 1179?
131
Calculate the highest common factor of 26388 and 4680.
36
Calculate the greatest common divisor of 1603 and 376476.
229
What is the greatest common factor of 29414 and 462?
154
Calculate the greatest common divisor of 17666 and 2774.
146
Calculate the highest common divisor of 685 and 514983.
137
What is the highest common divisor of 4757 and 2556?
71
Calculate the highest common divisor of 33 and 110429.
11
What is the highest common factor of 8396297 and 13?
13
Calculate the highest common divisor of 1755 and 74685.
195
What is the highest common divisor of 12699 and 680?
17
What is the greatest common divisor of 7219071 and 27?
27
Calculate the highest common divisor of 138 and 141.
3
Calculate the highest common factor of 70 and 5810.
70
What is the highest common divisor of 56804 and 2288?
44
Calculate the greatest common divisor of 206509 and 261.
29
What is the greatest common factor of 624 and 64?
16
What is the highest common factor of 134 and 133799?
67
Calculate the greatest common divisor of 27240 and 74040.
120
Calculate the greatest common divisor of 148952 and 43.
43
What is the highest common factor of 291489 and 8322?
219
What is the greatest common divisor of 1264 and 2576?
16
Calculate the greatest common factor of 623 and 4501.
7
What is the greatest common divisor of 292 and 67817?
73
Calculate the highest common divisor of 9652 and 7904.
76
What is the greatest common divisor of 87966 and 8688?
1086
Calculate the greatest common factor of 48 and 1284.
12
What is the greatest common factor of 1416 and 645342?
354
What is the highest common divisor of 3361047 and 3?
3
Calculate the highest common factor of 21864 and 256.
8
Calculate the highest common factor of 29210 and 3795.
115
Calculate the greatest common factor of 9693 and 4563.
27
Calculate the greatest common divisor of 1920 and 29910.
30
Calculate the greatest common divisor of 135322 and 1782.
22
What is the greatest common factor of 281 and 6013681?
281
Calculate the greatest common divisor of 2124 and 164551.
59
What is the highest common factor of 880726 and 43?
43
Calculate the highest common factor of 4 and 4878.
2
What is the highest common factor of 831397 and 4599?
511
What is the highest common factor of 235045 and 725?
145
Calculate the highest common factor of 2568 and 696.
24
What is the highest common factor of 5005 and 39975?
65
Calculate the greatest common factor of 13230 and 690.
30
What is the greatest common factor of 20367 and 1953?
279
What is the greatest common divisor of 24930 and 675?
45
What is the greatest common divisor of 7462 and 1183?
91
What is the greatest common factor of 266 and 10070?
38
Calculate the highest common divisor of 6 and 39915.
3
What is the highest common factor of 121539 and 264?
33
Calculate the greatest common factor of 84275 and 75.
25
What is the highest common factor of 37412 and 5640?
188
What is the greatest common divisor of 4087 and 488?
61
Calculate the greatest common divisor of 340 and 96020.
20
What is the greatest common divisor of 75910 and 2110?
10
Calculate the greatest common factor of 1322174 and 56.
14
Calculate the greatest common divisor of 1473408 and 192.
192
What is the greatest common factor of 3627 and 981801?
279
What is the greatest common divisor of 107593 and 68?
17
What is the greatest common factor of 122964 and 24?
12
What is the greatest common divisor of 72 and 3688?
8
What is the highest common divisor of 1857145 and 122?
61
What is the greatest common divisor of 451 and 164451?
41
Calculate the greatest common factor of 434 and 2179982.
434
Calculate the highest common factor of 490270 and 520.
10
What is the highest common divisor of 11594 and 3587?
17
Calculate the highest common factor of 209 and 891.
11
Calculate the highest common divisor of 19467 and 77.
7
What is the highest common divisor of 194 and 35114?
194
What is the highest common divisor of 1312 and 23?
1
Calculate the highest common factor of 432 and 76077.
9
Calculate the greatest common factor of 2400 and 1515.
15
What is the greatest common factor of 1674860 and 414?
46
What is the highest common divisor of 435413 and 2024?
253
Calculate the greatest common divisor of 195 and 259470.
15
What is the highest common factor of 16873 and 1436?
359
What is the greatest common divisor of 154 and 26614?
14
What is the highest common divisor of 483328 and 59?
59
What is the greatest common factor of 51 and 709784?
17
What is the highest common divisor of 184424 and 16?
8
Calculate the highest common factor of 28454 and 41.
41
Calculate the highest common divisor of 429123 and 26292.
939
Calculate the highest common factor of 9438 and 48204.
78
What is the highest common factor of 90 and 4660?
10
What is the greatest common factor of 23309 and 1144?
143
Calculate the highest common factor of 1029 and 296352.
1029
Calculate the highest common factor of 34983 and 429.
39
What is the greatest common divisor of 6754 and 44208?
614
Calculate the highest common divisor of 988911 and 693.
693
What is the greatest common factor of 1380 and 2393748?
276
What is the greatest common divisor of 198700 and 100?
100
What is the greatest common divisor of 1983 and 228?
3
What is the greatest common factor of 16 and 46304?
16
What is the highest common factor of 1344 and 534464?
448
What is the highest common factor of 6248 and 560048?
568
What is the highest common divisor of 99307 and 13?
13
What is the greatest common factor of 1694 and 378?
14
Calculate the greatest common factor of 20 and 29660.
20
What is the highest common factor of 657 and 28689?
219
What is the highest common divisor of 6670 and 9430?
230
Calculate the greatest common factor of 294 and 384699.
147
Calculate the highest common factor of 151970 and 1002.
334
What is the greatest common factor of 12 and 163386?
6
Calculate the highest common factor of 48 and 3774928.
16
Calculate the highest common divisor of 17908 and 2812.
148
What is the greatest common factor of 736 and 110952?
184
Calculate the greatest common divisor of 5306 and 63.
7
What is the greatest common divisor of 1036 and 59089?
37
Calculate the greatest common factor of 20584 and 29.
1
Calculate the highest common factor of 99 and 85635.
99
Calculate the greatest common factor of 92 and 235865.
23
Calculate the greatest common factor of 35 and 80465.
35
Calculate the highest common divisor of 229 and 2.
1
Calculate the greatest common divisor of 36218 and 4446.
26
What is the highest common divisor of 66712 and 496?
248
Calculate the highest common factor of 31416 and 1275.
51
What is the greatest common factor of 61726 and 14?
14
Calculate the greatest common factor of 1162 and 68208.
14
Calculate the greatest common divisor of 4936 and 56.
8
What is the greatest common divisor of 31408 and 1872?
208
What is the highest common divisor of 39 and 6399627?
39
Calculate the highest common factor of 816 and 37264.
272
Calculate the greatest common factor of 10 and 2174290.
10
Calculate the highest common factor of 551 and 2059.
29
Calculate the highest common divisor of 1098 and 311954.
122
Calculate the greatest common divisor of 49825 and 425.
25
Calculate the greatest common factor of 65280 and 9282.
102
Calculate the highest common divisor of 91 and 9149.
7
Calculate the highest common divisor of 38199 and 1071.
357
Calculate the greatest common factor of 8896 and 1984.
64
What is the greatest common divisor of 207200 and 50?
50
Calculate the highest common factor of 261 and 83752.
29
What is 